 when 283/3 + 44/(-33) is divided by h?
29
Let a = 136 + -98. Calculate the remainder when a is divided by 15.
8
Let q(m) = 4*m**2 + 3*m + 1. Let p be q(5). Suppose 0 = 5*d - d - p. Let k = d + -9. What is the remainder when 79 is divided by k?
19
Suppose -2456 - 4510 = -27*s. What is the remainder when s is divided by 22?
16
Suppose 0 = -4*v + 35 + 5. Calculate the remainder when 102/17 + (504/(-16))/((-2)/4) is divided by v.
9
Let z = 1040 - 1021. Let t = -4 + 3. Let r = 36 - t. Calculate the remainder when r is divided by z.
18
Let z(m) = -8 - 4*m - 3*m + 5*m + 31. What is the remainder when 6 is divided by z(11)?
0
Suppose 5*l = -20, -13*v + 1204 = -9*v + l. What is the remainder when 314 is divided by v?
12
Suppose -p = 5*y - 34, -p - 20 = -3*y - 2*p. Let o = y + -3. Let l(q) = -q**3 + 8*q**2 - 7*q + 7. What is the remainder when l(7) is divided by o?
3
What is the remainder when (-6)/(-2)*(-3268)/(-114) is divided by 19?
10
Let o = 7 + -7. Suppose -2*y + 88 = 2*i, 4*y - i = -o*y + 186. Calculate the remainder when y is divided by 12.
10
Let i = -1783 - -1868. Calculate the remainder when 763 is divided by i.
83
What is the remainder when (3/(-5))/(3 - 1130/375) is divided by ((-36)/(-15))/((-3)/(-15))?
9
Suppose -2 + 153 = 7*n + 39. Suppose -3*c + 2*c + 3*x = -38, 0 = 3*c - x - 90. What is the remainder when c is divided by n?
13
Let b(i) = 89*i**2 + 14*i - 26. What is the remainder when b(4) is divided by 56?
54
Let o(y) = y + 5. Let k be o(0). Suppose -4*h + 68 + 43 = -3*n, -5*n + 95 = k*h. What is the remainder when h is divided by 27/2 - (-2)/(-4)?
11
Let r(i) be the first derivative of 4*i**3/3 + 15*i**2/2 - 7*i - 18. Suppose -l + 32 = l. Calculate the remainder when r(-6) is divided by l.
15
Let a(y) = -2*y - 33. Calculate the remainder when 22 is divided by a(-22).
0
Let j = 57 - 41. Calculate the remainder when -1 + 9/(2 - 26/j) is divided by 12.
11
Suppose -q + 1 = 0, -12 = -2*f - 4*q + 74. Let m be -239 + (1 - 0/3). Calculate the remainder when f is divided by (-10)/(-55) - m/22.
8
Let s(d) = 5*d**3 + d**2 + 4*d - 3. What is the remainder when 327 is divided by s(1)?
5
Calculate the remainder when 446 is divided by 55 + (-5)/35*-7.
54
Let n = -309 + 326. Calculate the remainder when 813 is divided by n.
14
Suppose t = 4*f + 79, 3*f + 0*f = t - 76. Let b = 1414 + -2094. Calculate the remainder when t is divided by 1/(-6) - b/48.
11
Let p(d) = d**2 + 7*d + 39. What is the remainder when p(17) is divided by 25?
22
Let r(d) = 190*d**3 + d**2 - d + 1. Let n be r(1). Suppose -4*u - 63 = -n. What is the remainder when 190 is divided by u?
30
Suppose 4*p - 196 = 136. Let i(b) = -2*b - 10. Calculate the remainder when p is divided by i(-12).
13
Suppose 12 = o - 6. What is the remainder when 40602/404 + 1/(-2) + 2 is divided by o?
12
Suppose 5*a = 218 - 67 - 71. Suppose -4*c + 16 = 0, 5*c + 148 = 5*f - 137. Calculate the remainder when f is divided by a.
13
Let t = 183 - 164. Suppose -36 = -2*l + l. What is the remainder when l is divided by t?
17
Let h be (2 - 2)*5/(-10). Let x(y) = 3 + h + y - 1 - 4*y. What is the remainder when 54 is divided by x(-4)?
12
Suppose -60 = -3*y + 9. Let q = y + 46. What is the remainder when q is divided by 18?
15
Let f(c) = c**2 - 4*c + 5. Let d(l) = 2*l + 9. Suppose -27*r + 26*r = -11. Calculate the remainder when d(r) is divided by f(6).
14
Let b(q) = 0*q**3 + 19*q + 2*q**3 + 10*q**2 - 1 - q**3 - 33*q. Suppose 3*n = -2*n + 625. What is the remainder when n is divided by b(-11)?
29
Let i be ((-10)/15)/((-4)/(-606)). Let j = 322 - 164. Let k = i + j. What is the remainder when k is divided by 15?
12
Suppose 3*c - 10 - 2 = 0. Suppose 2*q = -c*k + 850, -3*q = -5*k - 0*q + 1035. Calculate the remainder when 59 is divided by (-10)/4 - k/(-12).
14
Let v(x) = x**2 - 14*x - 42. Let b be v(18). Let d = b + -21. What is the remainder when 25 - 1 - (0 - 0) is divided by d?
6
Suppose 7*z - 213 = -73. What is the remainder when z is divided by (1/(-2))/(1/(-22))?
9
Let j(w) = 3*w + 16. Let f be j(-4). Let a(c) = -c**3 + 9*c**2 + 4*c - 9. Calculate the remainder when a(f) is divided by 22.
21
Let h(w) = w**3 + 10*w**2 - 6*w - 10. Calculate the remainder when h(-7) is divided by 57.
8
Suppose 10*b + 66 = 406. What is the remainder when b is divided by 23?
11
Suppose 3*m = 11 - 5. Suppose m*k + 0*u - 5*u - 42 = 0, 4*u = 3*k - 70. Let o(r) = 14*r + 107. Calculate the remainder when k is divided by o(-7).
8
Let b be 2/(-11) - 310/110. Let m(t) = -6*t**2 - 21*t + 4. Calculate the remainder when 38 is divided by m(b).
12
Suppose 4*c = 4, 5*c - 305 = 2*s + s. Let f = -76 - s. Calculate the remainder when f is divided by 10.
4
Let k be 35/(-11) - 10/(-55). Calculate the remainder when 30 is divided by (-36)/k - (1 - 5).
14
Suppose -4*s - 2*t - 120 + 588 = 0, 4*t = -2*s + 240. What is the remainder when s is divided by 30?
26
Suppose -185 = -g - 4*g. Let t(y) = 74*y**3 + y**2 - 9*y + 7. Calculate the remainder when t(1) is divided by g.
36
Let f = 10 - 151. Let q = 147 + f. What is the remainder when q is divided by 3?
0
Suppose 17*x - h - 368 = 13*x, -x - 2*h + 101 = 0. What is the remainder when x is divided by 43?
7
Let n = 508 - 497. What is the remainder when ((-2)/3)/(4/(-186)) is divided by n?
9
Let k(l) = -22*l**3 - 2*l - 1. Let f be k(-1). What is the remainder when (-4 + 1)*(-134)/6 is divided by f/(-3)*(-9)/3?
21
Let s(f) = -f**3 + 28*f**2 - 72*f. What is the remainder when s(25) is divided by 10?
5
Suppose -5*h + 7 = 2. Let q(x) = 58*x**2 + 4*x - 2. What is the remainder when q(h) is divided by 16?
12
Suppose 4*p = 4*k - k - 20, 0 = p + 5. Suppose 2*l = -l + 2*n + 14, -3*l + n + 13 = k. Calculate the remainder when 12 is divided by (7/(-3))/(l/(-12)).
5
Suppose -k = -3*k + 5*s + 14, 0 = -3*s. Suppose k*f - 58 + 16 = 0. Calculate the remainder when 20 is divided by f.
2
Suppose 27*s = 36*s - 153. Let u = -224 + 112. Let y = -63 - u. Calculate the remainder when y is divided by s.
15
What is the remainder when 148 is divided by 64/(-48)*66/(-2)?
16
Suppose -27*h + 117 = -18*h. What is the remainder when 52 - (-1)/(-1)*2 is divided by h?
11
Suppose 3*y = 17 + 163. Suppose 0*b + y = 2*b. Calculate the remainder when b is divided by 12.
6
Suppose 2*p - 4 - 4 = 0. Suppose 2*b + 21 = 5*g, 0 = -2*b - 8*g + p*g + 24. Calculate the remainder when b*3*150/45 is divided by 11.
9
Let x = -27 - -29. Suppose l - 4 = 0, -x*l - 13 + 6 = -3*w. What is the remainder when w is divided by 2?
1
Suppose -3*y + 3*i = 57, y + 61 = -3*y - i. Let o = y - -36. Let g(k) = -4*k - 5. Calculate the remainder when o is divided by g(-4).
9
Let h be ((-64)/10)/((-14)/(-70)). Let f be (-2 + 3)/((-4)/h). Let y(i) = -i**2 + 10*i + 14. Calculate the remainder when 86 is divided by y(f).
26
Let x(y) = -y - 1 - 4 - 3*y**2 + 5. Let z be x(1). Calculate the remainder when z/5*50/(-4) is divided by 4.
2
Let b = 1899 - 1282. Calculate the remainder when b is divided by 20.
17
Let o(v) = v**3 - 4*v**2 + 8. Calculate the remainder when 29 is divided by o(4).
5
Suppose -17*o + 12487 - 3239 = 0. What is the remainder when o is divided by 78?
76
Suppose -3*r + 4*s + 90 - 14 = 0, -38 = -r - 5*s. Calculate the remainder when r is divided by 6.
4
Let b(k) = 6*k**3 + 10*k**2 - 15*k - 1. Let z(s) = -7*s**3 - 11*s**2 + 16*s. Let c(g) = 6*b(g) + 5*z(g). What is the remainder when 51 is divided by c(-6)?
15
Let a = -552 - -593. What is the remainder when 119 is divided by a?
37
Let h(w) = w**2 + 21*w - 23. What is the remainder when h(-24) is divided by 18?
13
Suppose 0 = 3*o - 2*o - 24. Suppose -f + 4*f = -5*v + 1, v = -4*f + o. Suppose 12*z = f*z + 135. What is the remainder when z is divided by 7?
6
Let y(p) = 2*p**2 - 8*p + 3. Let z = 2 + 7. Suppose z*a = 6*a + 15. What is the remainder when y(5) is divided by a?
3
Suppose -224 = -6*u - 62. Let q = 14 + 0. What is the remainder when u is divided by q?
13
Suppose -7*q + 5*q = 0, 3*t + 5*q - 15 = 0. What is the remainder when 153 is divided by t?
3
Suppose -21*x - 36 = -225. What is the remainder when 529 is divided by x?
7
Let g = -1340 - -1349. Let l(f) = f**2 - 5*f - 2. Let j be l(5). What is the remainder when g is divided by j/8 - (-34)/8?
1
Let s(k) = k**2 + 12*k + 57. Let d be s(-6). Calculate the remainder 